- 312*a + 41. Calculate w(14).
-15
Let v(z) = -z**3 - 14*z**2 - 163*z - 1326. What is v(-11)?
104
Let r(z) = -65*z - 48113. Determine r(-741).
52
Let u(g) = g**3 - 264*g**2 - 1079*g + 1466. Calculate u(268).
-410
Let c(f) = -f**3 - 115*f**2 + 173*f + 4736. Calculate c(-116).
-1876
Let v(j) = j**3 + 147*j**2 - 18*j - 2656. Determine v(-147).
-10
Let b(v) = -12*v**2 + 2255*v - 105895. Give b(92).
-3
Let k(w) = 3*w**2 - 155*w - 5003. Give k(-25).
747
Let j(c) = -3*c**3 - 231*c**2 - 1571*c - 26. Give j(-7).
681
Let j(f) = -f**3 + 21*f**2 + 381*f - 797. Give j(-13).
-4
Let a(p) = -4*p**3 - 10*p**2 + 562*p - 2142. Determine a(6).
6
Let r(j) = j**2 + 2*j - 549. Determine r(18).
-189
Let u(t) = 41*t**2 - 1860*t - 3150. Calculate u(47).
-1
Let r(n) = -n**2 + 112*n + 7499. Calculate r(161).
-390
Let r(s) = 11376*s + 1524359. Calculate r(-134).
-25
Let p(t) = 2029*t + 14078. What is p(-6)?
1904
Let k(f) = -34006*f - 1904355. Determine k(-56).
-19
Let r(j) = -22*j**3 + 1089*j**2 - 8676*j - 112. Calculate r(10).
28
Let b(u) = -374*u - 30642. Determine b(-82).
26
Let v(p) = -21*p**2 + 33*p + 11. Determine v(3).
-79
Let a(z) = -1307*z + 14527. What is a(11)?
150
Let k(i) = -i**3 - 27*i**2 - 237*i - 3329. What is k(-23)?
6
Let l(p) = p**2 + 766*p + 10674. What is l(-14)?
146
Let f(l) = -5*l**2 - 743*l - 2898. Give f(-4).
-6
Let m(b) = -7*b**2 + 2637*b + 1036084. Give m(-240).
4
Let u(b) = -8*b**2 + 8670*b + 3666216. Calculate u(1409).
-2
Let a(q) = 881*q - 30837. Give a(35).
-2
Let z(h) = -6*h**3 - 288*h**2 + 567*h - 1611. Determine z(-50).
39
Let d(b) = 96414*b - 95663. Determine d(1).
751
Let p(r) = -r**2 - 262*r - 18800. Determine p(-140).
-1720
Let d(z) = z**2 - 505*z - 4050. Calculate d(-8).
54
Let r(k) = k**3 + 271*k**2 + 16878*k - 97. Determine r(-174).
-97
Let y(u) = 2*u**2 + 455*u - 94320. Calculate y(-359).
97
Let i(u) = -2*u**2 - 51*u + 3983. Calculate i(-59).
30
Let h(l) = -5*l**3 - 514*l**2 - 411*l - 314. What is h(-102)?
-8
Let z(b) = 7470*b - 231560. Determine z(31).
10
Let s(a) = 759*a - 6825. Give s(10).
765
Let y(z) = -2*z**3 - 136*z**2 - 2303*z + 51. Give y(-40).
2571
Let b(w) = -2*w**2 - 738*w - 35896. What is b(-311)?
180
Let j(b) = b**3 + b**2 - 372*b - 1194. Determine j(-20).
-1354
Let x(y) = 5*y**3 + 13*y**2 + 7*y - 22. Give x(-6).
-676
Let o(y) = -382*y**3 - 3*y**2 - 14*y + 15. Calculate o(1).
-384
Let k(o) = o**2 - 8370*o - 1010197. Calculate k(-119).
-6
Let j(i) = -5*i**3 + 319*i**2 + 48*i + 1001. What is j(64)?
-23
Let p(a) = 2809*a - 1525030. Give p(543).
257
Let k(s) = -20218*s - 60654. What is k(-3)?
0
Let q(y) = -7*y**3 + 2*y**2 - 293*y + 10. Calculate q(0).
10
Let p(f) = f**3 + 39*f**2 - 540*f - 18646. Calculate p(-40).
1354
Let m(d) = -d**3 + 44*d**2 + 81*d + 713. Determine m(45).
2333
Let u(k) = 2548*k - 219123. Give u(86).
5
Let i(q) = 881*q - 29850. Calculate i(34).
104
Let h(y) = 1259*y + 207731. Calculate h(-165).
-4
Let b(h) = 35*h**3 + 4*h**2 + 9*h - 46. Calculate b(0).
-46
Let x(v) = 54*v**2 + 3462*v + 11. What is x(0)?
11
Let o(x) = x**3 - 168*x**2 - 7277*x + 2409. Give o(-36).
-3
Let a(o) = 8*o**3 - 442*o**2 - 342*o + 821. Give a(56).
485
Let x(k) = 22*k**2 - 166*k - 296. Determine x(-2).
124
Let n(k) = 44*k**3 + 4*k**2 - 42*k - 98. Give n(-3).
-1124
Let z(w) = -8895*w - 108204. Determine z(-12).
-1464
Let s(w) = -5*w**2 + 696*w - 599. Calculate s(136).
1577
Let a(z) = z**2 - 549*z + 21286. Calculate a(42).
-8
Let x(f) = -113071*f - 59249210. What is x(-524)?
-6
Let u(x) = -x**3 + 1488*x**2 - 22093*x - 24. Give u(15).
6
Let v(f) = -12*f**2 + 233*f + 10625. Calculate v(41).
6
Let j(g) = -g**3 - 174*g**2 - 7536*g - 22. Give j(-81).
221
Let o(w) = -w**3 - 141*w**2 + 1342*w - 862. Determine o(-150).
338
Let n(w) = 84*w**3 - 219*w**2 - 5*w + 9. What is n(2)?
-205
Let n(o) = -520*o + 39520. Determine n(76).
0
Let k(a) = 6*a**3 - 21*a**2 - 23*a + 4. What is k(5)?
114
Let p(k) = k**3 - 20*k**2 - 1065*k + 8. What is p(0)?
8
Let h(a) = 12*a**3 - 3*a**2 - 81*a - 216. Calculate h(-3).
-324
Let o(t) = 43*t**2 + 375*t - 2324. What is o(6)?
1474
Let k(m) = -12973*m + 90744. Calculate k(7).
-67
Let o(i) = -22963*i + 3719915. What is o(162)?
-91
Let v(n) = -67*n**2 - 45156*n + 1352. Calculate v(-674).
4
Let v(q) = 8*q**3 - 8*q**2 - 4*q + 13. Determine v(1).
9
Let d(p) = -2*p**3 - 782*p**2 - 779*p + 375. Calculate d(-390).
-15
Let n(p) = 3*p**2 + 356*p + 7540. Give n(-27).
115
Let l(m) = 19048*m - 362102. Determine l(19).
-190
Let k(x) = 14*x**2 - 1953*x + 3158. What is k(138)?
260
Let r(g) = -2358*g - 259193. Calculate r(-110).
187
Let h(u) = -274*u - 3076. What is h(-11)?
-62
Let d(n) = -n**3 + 6*n**2 + 776*n + 13. Determine d(-25).
-12
Let o(x) = -65*x - 544. What is o(1)?
-609
Let l(t) = 24*t**3 + 2471*t**2 - 120*t + 197. Calculate l(-103).
1948
Let q(w) = -w**3 + 16*w**2 - 11*w - 325. Give q(14).
-87
Let w(m) = m**3 + 341*m**2 + 1565*m - 38644. Determine w(-336).
-4
Let o(l) = -4584*l**2 + 215446*l + 108. What is o(47)?
14
Let f(w) = -54212*w - 28732361. Determine f(-530).
-1
Let w(u) = 4*u**2 + 624*u - 1573. What is w(-158)?
-309
Let t(u) = 279*u - 5830. Determine t(16).
-1366
Let f(r) = r**2 - 4455*r + 345650. Determine f(79).
-54
Let t(n) = -3489*n**2 + 14073*n - 464. Determine t(4).
4
Let t(h) = -5182*h - 336832. Give t(-65).
-2
Let q(d) = -141*d**2 + 1270*d - 40. Calculate q(9).
-31
Let m(f) = -5*f**3 - 494*f**2 + 97*f - 14. What is m(-99)?
184
Let o(p) = 103766*p - 1141474. Determine o(11).
-48
Let f(s) = 7*s**3 - 278*s**2 - 89*s + 341. What is f(40)?
-19
Let f(b) = -41*b**2 - 21*b - 102. What is f(-4)?
-674
Let u(b) = 1285907*b + 23146328. Determine u(-18).
2
Let j(p) = -7938*p + 770216. Calculate j(97).
230
Let l(w) = -42*w**2 - 923*w - 52. Determine l(-24).
-2092
Let f(q) = -3*q**3 - 2321*q**2 + 448*q - 252327. Calculate f(-774).
-3
Let m(i) = i**2 - 118*i - 74910. Give m(-221).
9
Let j(k) = 3*k**3 + 435*k**2 + 3789*k + 1059. Determine j(-9).
6
Let v(w) = -35*w**3 + 5*w**2 + 400*w - 402. Determine v(1).
-32
Let c(d) = 561391*d - 25262594. Give c(45).
1
Let q(l) = 183295*l + 916445. Give q(-5).
-30
Let l(o) = 139*o**2 - 19*o - 42. Calculate l(-2).
552
Let z(y) = y**2 - 155*y - 29497. Give z(-111).
29
Let t(u) = u**3 - 30*u**2 + 157*u - 3672. What is t(29)?
40
Let t(j) = -15720*j - 550208. Give t(-35).
-8
Let d(g) = -543597*g + 19025900. Give d(35).
5
Let a(y) = -6622*y + 13288. Calculate a(2).
44
Let k(m) = 39*m**2 + 9875*m + 299304. Give k(-218).
-10
Let x(l) = 741*l**2 - 5*l - 5. Calculate x(0).
-5
Let i(n) = n**2 - 276*n + 3864. What is i(15)?
-51
Let s(x) = -6*x**3 - 2963*x**2 + 473*x - 10379. What is s(-494)?
-5
Let m(v) = v**2 - 1854*v + 438255. Calculate m(278).
127
Let x(i) = -i**2 + 52*i + 30643. Calculate x(199).
1390
Let p(g) = 6*g**2 + 449*g + 251. Determine p(-72).
-973
Let j(y) = -33*y**3 + 30*y**2 + 24*y - 91. What is j(4)?
-1627
Let i(d) = 34*d**2 - 150*d + 202. Calculate i(2).
38
Let p(m) = 6245*m + 80821. Determine p(-13).
-364
Let f(k) = 20764*k - 207943. What is f(10)?
-303
Let l(c) = 43*c**2 + 571*c + 57. Give l(-19).
4731
Let v(x) = -x**3 + 76*x**2 - 1291*x + 2230. Calculate v(52).
-6
Let o(x) = 6247*x + 1617975. Calculate o(-259).
2
Let r(x) = 55*x**2 - 1025*x - 25. Calculate r(19).
355
Let a(f) = f**2 - 7117*f + 35513. What is a(5)?
-47
Let g(q) = 60*q**2 - 26784*q - 16079. Determine g(447).
13
Let i(x) = -x**3 + 296*x**2 - 3293*x - 32662. What is i(284)?
-2
Let u(p) = 3142*p**2 - 91119*p - 8. Determine u(29).
-37
Let w(d) = -679*d + 117464. What is w(173)?
-3
Let x(k) = 51*k - 1445. Determine x(40).
595
Let k(l) = -93*l - 101. Determine k(24).
-2333
Let y(q) = -38*q**3 + 3533*q**2 + 125*q + 10. What is y(93)?
2986
Let d(b) = b**3 - 244*b**2 - 2757*b + 77. Give d(-11).
-451
Let l(k) = -3501*k + 7560. Determine l(2).
558
Let u(g) = g**2 + 36*g - 2053. Determine u(-67).
24
Let h(o) = -2*o**3 - 20*o**2 - 351*o - 3521. What is h(-10)?
-11
Let x(s) = 62740*s + 1129430. Give x(-18).
110
Let h(r) = -r**2 - 424*r - 22378. Determine h(-362).
66
Let s(q) = 33*q**2 - 47*q + 360. Calculate s(6).
1266
Let g(w) = -3*w**3 - w**2 - 786*w - 5611. Determine g(-7).
871
Let k(n) = -3*n**3 - 25*n**2 - 169*n - 1235. Give k(-9).
448
Let g(j) = 2*j**3 - 172*j**2 - 1039*j + 75238. Give g(87).
-17
Let k(p) = -p**3 - 3